 0 + 1 - (-1 + c). Suppose -2*b + 4 = l*q, -3*q - 9 = -0*b - 2*b. What is the units digit of b?
3
Let x(m) = -6 - 2 - 3*m**2 + 3 + 0 + m**3 - 2*m. Let v be x(4). Let d(y) = y**2 - 2*y - 1. What is the units digit of d(v)?
2
Suppose 0 = 5*t - 59 - 231. What is the units digit of t?
8
Let j = -48 - -33. Let s be (-15)/(-4) - j/(-20). Suppose 23 - 5 = s*v. What is the units digit of v?
6
Let g(h) = -h**2 - 16*h + 14. What is the units digit of g(-10)?
4
Suppose -3*n = -5*r + 58, -20 + 0 = -5*n. Suppose -r = 10*t - 12*t. What is the units digit of t?
7
Suppose 3 + 9 = -3*q. Let z be (-20)/15*(-18)/q. What is the units digit of 28/(-6)*(3 + z)?
4
Let s = 85 - -162. What is the tens digit of s?
4
Suppose 3*c = -5*p - 212, -237 = 4*p - c - 64. What is the units digit of p/(-9) - 4/(-18)?
5
Let a be (4/(-10))/(11/(-385)). Suppose -3*w + 53 = 4*y, 3*y - 1 = a. What is the tens digit of w?
1
Let f(c) = -5*c - 1. Let v = 0 - -1. Let q(t) = t + 1. Let z(a) = v*f(a) + 6*q(a). What is the units digit of z(-3)?
2
Let h(j) = -j**3 + 8*j**2 + 5*j - 10. What is the tens digit of h(8)?
3
Suppose 2*z = -2*z. Suppose -3*u - 2 = 4*t - 3, -4*t + 2*u + 6 = z. Suppose 0 = 3*s - 2*s - t. What is the units digit of s?
1
Let y = -112 + 234. What is the hundreds digit of y?
1
Let m(r) = 6*r + 0 + 1 + 1 + 3*r. What is the tens digit of m(3)?
2
Let a be 2/(-4)*(-48)/8. Suppose 14 = a*m + 2. What is the units digit of m?
4
Suppose -5*x = -2*x - 18. Suppose -79 = -4*k - w + 43, 3*w - 66 = -2*k. Suppose 4*f = -x + k. What is the units digit of f?
6
What is the tens digit of ((-5)/(-15) - 125/(-3)) + 3?
4
What is the units digit of (-8 - -9)*(1 + 43)?
4
Suppose -3*g - 2*v = 2*g - 450, -4*v = 0. Suppose 5*k + 4*w - 108 = 0, 5*w = 3*k + 2*k - g. What is the tens digit of k?
2
Suppose -k + 3*k + h - 28 = 0, 5*k - 4*h = 83. Suppose -k - 15 = -5*g. Let d = 2 + g. What is the units digit of d?
8
Let j(t) = t + 14. Let f be j(0). Suppose -10 = 3*o + f. Let q = o + 11. What is the units digit of q?
3
Let s = 6 + 6. Suppose -s = a - 3*a. What is the units digit of a?
6
Suppose -n - 18 = 2*k - 4*k, -4*n + 36 = 4*k. What is the units digit of k?
9
Suppose 63 = -4*k - 41. What is the tens digit of (1 - -1)*k/(-4)?
1
Suppose 2*a + 8 = 3*i, 6*i - 3*i + 2*a - 16 = 0. What is the units digit of i?
4
Let o(i) be the first derivative of -i**4/2 - i**2/2 - 1. Let f be o(-1). Suppose -2*v + 5 = -f*v, 4*n = 4*v + 52. What is the units digit of n?
8
Suppose 216 = 17*g - 8*g. What is the units digit of g?
4
Let i = -1 - -1. Let a = i - -4. What is the units digit of a?
4
Let o be 1 - (-29 - 0/(-3)). Suppose -2 = 4*a - o. What is the units digit of a?
7
Let r(c) = c**2 + 12. Let m be r(0). Let j = -139 - -81. What is the units digit of j/(-7) + m/(-42)?
8
Suppose -515 = -3*g + 49. What is the hundreds digit of g?
1
Suppose -3*g + 5*v - 21 = 0, -5*v + 8*v - 3 = -3*g. What is the units digit of g - -1*15/1?
3
Let y(f) = -3*f + 3*f - 6*f. Let q be y(2). What is the units digit of 4/q*3/(-1)?
1
Suppose 6*i - 64 = 2*i. What is the tens digit of i?
1
Suppose 63 = 2*m - m - 4*u, 5*m + 5*u = 265. What is the tens digit of m?
5
Let i = 21 - 19. Suppose 0 = 2*m - 0*m - 5*f - 32, i*m - 32 = -2*f. What is the tens digit of m?
1
Let s(n) = -n**2 - 7*n - 5. Suppose -2*t = 2*t - 12. Let u = t + -8. What is the units digit of s(u)?
5
Let m(c) = -c**2 + 8*c - 6. Suppose -k + 6*k - 25 = 0. What is the units digit of m(k)?
9
Let s = 4 + -3. What is the tens digit of s + 0 - -1*10?
1
Let h(n) = -n**3 + 3*n**2 - 2. Let y be h(3). What is the tens digit of 4/(-8) - 21/y?
1
Suppose -f - 311 = -3*y, -5*y - f = -3*f - 518. What is the hundreds digit of y?
1
Let r be (2/(-1))/((-2)/3). Suppose -2*x - 6 = r*k - 6*x, -4*k + x = -5. Suppose 0 = -2*h - 0*h + k. What is the units digit of h?
1
Suppose -3*w + 343 + 521 = 0. What is the units digit of w?
8
Suppose 0 = -0*g - 5*g. Suppose n - 3*n + 92 = g. What is the units digit of n?
6
Suppose y - 200 = -3*y. What is the units digit of y?
0
Suppose -6 - 1 = t. Let x(q) = q**2 + 5*q - 4. What is the units digit of x(t)?
0
What is the tens digit of 1/2*24*2?
2
Let s be 56/(-20) - (-3)/(-15). Let j(t) = 2*t + 4. Let m be j(4). Let h = s + m. What is the units digit of h?
9
Suppose -5*u - 4*j + 47 = 0, 4*j - j = u - 17. Let i(k) = k**2 - 6*k - 12. What is the units digit of i(u)?
3
Suppose 3*d + 32 + 53 = 2*w, -3*d + 79 = 2*w. Let n = -19 + w. What is the units digit of n?
2
Let g = -24 - -28. Suppose -2*z + 25 = 5*r - 3, -g*r + 49 = 3*z. What is the tens digit of z?
1
Suppose 4*z - 14 = 2. Let y = z + -1. Suppose 52 = 4*l + 4*t, -y*l + 15 = -t - 2*t. What is the units digit of l?
9
Let i be ((-6)/(-4))/((-24)/64). Let p = 28 + i. What is the tens digit of p?
2
What is the units digit of (-21 - 0)*(-2)/6?
7
Let b(h) = h - 6. Let a(q) = -q**2 - q. Let g(s) = 5*s**2 + 6*s - 8. Let o(u) = -6*a(u) - g(u). Let n be o(0). What is the units digit of b(n)?
2
Let r(m) = 2*m**3 + m**2 - 2*m - 1. Let b(n) = n**2 - 10*n + 2. Let x be b(10). Let c be 5 + (-3 - 0/x). What is the tens digit of r(c)?
1
Let l = 6 + -2. What is the units digit of l?
4
Let j = -4 - -26. What is the units digit of j?
2
Let n = -1 + -1. Let r = 1 - n. Suppose -5*i = -5*z + 60, 0 = -4*z - r*i + 21 + 13. What is the tens digit of z?
1
Let c(m) = -m**3 - 11*m**2 + 6*m + 2. What is the units digit of c(-12)?
4
Suppose -2*v = 3*v - 65. What is the tens digit of v?
1
Let k = 2 + 0. Let c be (-4)/(-8)*(-6)/(-1). Suppose c*t = -k*t + 50. What is the tens digit of t?
1
Let f = 17 + -14. Suppose -c = -f*c + 4*y + 40, -c - 3*y + 30 = 0. What is the tens digit of c?
2
What is the units digit of 3/2*(-8)/(-6)?
2
Let d = 72 - 39. What is the tens digit of d?
3
Let v = 2 + 55. What is the tens digit of v?
5
Let h(s) = -s**2 + 3*s + 5. Let i be h(10). Suppose -9 = -3*g, -3*g + 147 = -3*r - 0*g. Let l = r - i. What is the tens digit of l?
1
Let v(r) = -44*r**3 - r**2 + r + 1. What is the tens digit of v(-1)?
4
Let a(c) = -c**2 + 14*c + 4. What is the tens digit of a(11)?
3
Let g = 23 - 4. What is the units digit of g?
9
Let n(t) be the second derivative of t**5/60 + t**4/8 + 2*t**3/3 - t**2/2 - 2*t. Let r(u) be the first derivative of n(u). What is the units digit of r(-4)?
8
Suppose -12 = -2*l - 2*l. Suppose 0 = 3*w + 3*j - 21 - 36, l*j = -5*w + 85. What is the tens digit of w?
1
Let c be 1*-2*12/8. Let y be -3*((-2 - -4) + c). Suppose -2*m + l = y*m - 33, -24 = -3*m + 2*l. What is the units digit of m?
6
Let i(a) = 5*a**2 + a + 1. Let m be i(-1). Let z be 2/11 + 430/55. Suppose -m*r + z = -32. What is the units digit of r?
8
Suppose 5*y + 2*z = -3 + 5, y + 5*z + 18 = 0. Suppose -y*q = 2*q - 20. What is the units digit of q?
5
Let u = -12 + 17. Suppose -6*b + 2*b + 4*k + 44 = 0, -u*b - k = -61. Let w = -7 + b. What is the units digit of w?
5
Suppose 4 + 0 = -v, -5*v - 10 = 2*r. What is the units digit of r?
5
Let z = -6 - -9. Suppose 5*b = z + 7. Suppose 2 = 5*r + b*t - 24, 0 = 3*r - 3*t - 3. What is the units digit of r?
4
What is the units digit of 73 + 16/(-4) - 4?
5
Let i(n) = -2*n**2 - 6 - 2*n**2 + 5*n**2. What is the tens digit of i(6)?
3
Let w = -17 + 25. Let m be 3/12 - 74/w. Let h(f) = -f + 2. What is the units digit of h(m)?
1
Let z(m) = 4*m**2 - 3*m**2 + 12 - 2*m**2 + 7*m - 18*m. Let h be (-1 - (-15)/4)*-4. What is the tens digit of z(h)?
1
Let a be (1/(-1))/(2/4). Let q(u) be the second derivative of -u**3/2 - u**2 - 2*u. What is the units digit of q(a)?
4
Let r(h) = 4 + h**3 - 3 - 5 - 2*h + 7*h**2 + 1. What is the units digit of r(-3)?
9
Suppose -5*j + 92 = -4*m + 12, -3*j + 48 = 2*m. What is the tens digit of j?
1
Let i(c) = -c + 2. Let f(b) = 5*b - 9. Let w(r) = -2*f(r) - 9*i(r). What is the units digit of w(-6)?
6
Let g(d) = -2*d - 1. Let q = -5 - -1. What is the units digit of g(q)?
7
Let d = 180 - -68. What is the tens digit of d?
4
Suppose 0 = -5*z - 7 + 142. What is the units digit of z?
7
Suppose -4*o = -12, 4*k - 3*o - o - 76 = 0. Let g = -10 + k. What is the units digit of g?
2
Let u(q) = q**3 + 4*q**2 + q - 2. Let f(y) = 4*y**3 + 13*y**2 + 2*y - 7. Let i(m) = -2*f(m) + 7*u(m). What is the units digit of i(-2)?
0
Suppose 5*u = 5*d + 205, 3*d = 5*u - u - 160. What is the tens digit of u?
3
Let r be -1*((-16)/(-2)